{"id":463,"date":"2025-12-11T21:53:09","date_gmt":"2025-12-12T04:53:09","guid":{"rendered":"https:\/\/yuleparty.com\/?page_id=463"},"modified":"2025-12-18T11:14:12","modified_gmt":"2025-12-18T18:14:12","slug":"home-2","status":"publish","type":"page","link":"https:\/\/yuleparty.com\/","title":{"rendered":"Home"},"content":{"rendered":"<!-- wp:themify-builder\/canvas \/-->","protected":false},"excerpt":{"rendered":"","protected":false},"author":2,"featured_media":0,"parent":0,"menu_order":0,"comment_status":"closed","ping_status":"closed","template":"","meta":{"footnotes":""},"class_list":["post-463","page","type-page","status-publish","hentry","has-post-title","has-post-date","has-post-category","has-post-tag","has-post-comment","has-post-author",""],"builder_content":"[video src=\"https:\/\/yuleparty.com\/wp-content\/uploads\/2025\/12\/yulemobile.mov\" width=\"1080\" height=\"1920\"][\/video]\n<h1>Fj\u00f3rt\u00e1ndabl\u00f3t<br\/>Yule 14 \u2022 Epli I\u00f0unna<\/h1>\n<h3 style=\"margin: 0 0 0.4em 0; font-size: 1.8em;\">Saturday, December 20, 2025<\/h3> <h4 style=\"margin: 0; font-size: 1.25em;\">1114 W 7th Street, Silver City, NM<br>7:30 PM \u2014 until very late\u2026 or dawn<\/h4>\n<p>W\u00c6S H\u00c6L! It's almost time, Yulies \u2013 and the second year in a row we can do this on true solstice! Winter traditions old and new, with all of your eldritch friends, romping and chomping and sharing wassail until dawn, including a fleet of new handmade ciders beyond anything you've seen before.<\/p> <p>PLEASE NOTE OUR UPDATED REQUESTS THIS YEAR FOR NEW GUESTS OR FRIENDS YOU MIGHT BRING.<\/p> <p>Our annual Yule gathering is a strange and magnificent costume party, where Xti\u00e1n and I spoil our guests (you!) with decadence and cheer to warm hearts on the longest night, MUCH better than Christmas ever will \u2013 and where magic both silly and solemn abounds.<\/p> <p>As per tradition, please arrive bedecked in your finest Yule garb, whether your inspiration comes from pagan style, Norse mythology, forest spirits, \"Where the Wild Things Are\", furry beasts, Narnia, or just your weird and wintery imagination. We expect to see you in your velvet robes and (faux) fur; your antlers and your icicles; your flower-wreaths and ram-horns; your crystals, twigs, and feathers -- and the more outlandish, the better! Try searching for pictures of Bus\u00f3j\u00e1r\u00e1s, Koliada, Perchten, Kukeri, Mummers, Malanka, and Romanian Capra for inspiration.<\/p> <p>Whatever your transformation, you will come as YOUR OWN TRUE SELF... the one that is ONLY REVEALED at YULE.<\/p> <p>Well-mannered and supervised kids are always welcome (they love it) and please bring drinks and beverages of all kinds, but NO FOOD -- the traditional feast of unheard-of Nordic miracles will be provided by your loving hosts.<\/p> <p>Also per tradition, our effigy Julbock (yule goat!) will be solemnly burned sometime after 10 pm, before we ramp-up the music and re-stoke the warmth of the outdoor fires that often burn until dawn, for the most committed Yulies!<\/p> <p>Generally we allow invited guests to bring a friend or two, or a family member or two -- and every year more Yulies join the \"cult\" to crash the party -- but things have flown off the rails a bit in recent years, and we want to keep everyone happy and safe. PLEASE FIRST CHECK-IN with Manda or Xti\u00e1n to declare any extra people you would like to bring along, so that we'll know who and what to expect. Then introduce your companions to us formally when you arrive, so that we may both bless and welcome them to the family. This is a gathering of friends in a private home, so we try to avoid an \"open invitation\" free-for-all that could risk getting a wee bit out of hand... which is already starting to happen.<\/p> <p>PLEASE GET IN TOUCH IF YOU WOULD LIKE TO SERVE A BRIEF \"SHIFT\" AS A YULE GUARDIAN THAT NIGHT. Quoting J.D. Salinger: \"I keep picturing all these little kids playing some game in this big field of rye and all. Thousands of little kids, and nobody's around - nobody big, I mean - except me. And I'm standing on the edge of some crazy cliff. What I have to do, I have to catch everybody if they start to go over the cliff - I mean if they're running and they don't look where they're going I have to come out from somewhere and catch them. That's all I do all day. I'd just be the catcher in the rye...\"<\/p> <p>If you'd like, you may bring A SACRIFICE to give away during the night (a personal possession that is precious to you and has a good personal story attached to it; but is something that you are now ready to let-go of, and gift to another keeper.) In recognition of the enormous size that this once-humble gathering has become, all exchanges of SACRIFICES will be casual and private at your own pace and time during the night. Find your costumed recipient... tell them your story... and pass it along in mutual gratitude.<\/p> <p>By popular demand (and to perpetuate the neighborhood legend), we will repeat our annual practice of the BEASTLY WAIL. In the weeks and days before this event, you must learn and practice mimicking the night-calls of TWO different animals that are native to our local forests. The two animal calls you will learn are determined by your birthday. One of your assigned animals corresponds to your birth month; the other corresponds to your birth date. Below is the list of all assignments, with some links to recordings that might help you practice. For example, if your birthday is June 9th or 10th, your assignment is to learn and practice mimicking the night-calls of the red fox (for June) and the spadefoot toad (for 9\/10). The purpose of all this will be clear around the time we burn the goat. W\u00c6S H\u00c6L!<\/p> <p>Here is the list, with some links to assist you:<\/p>\n<h3>MONTH ASSIGNMENTS<\/h3> <ul> <li><strong>January:<\/strong> Western screech owl \u2014 <a href=\"https:\/\/www.youtube.com\/watch?v=R_dhr1vrEq4\" target=\"_blank\" rel=\"noopener\">Listen<\/a><\/li> <li><strong>February:<\/strong> Mating lynx \u2014 <a href=\"https:\/\/www.youtube.com\/watch?v=2DKt4eek-Qc\" target=\"_blank\" rel=\"noopener\">Listen<\/a><\/li> <li><strong>March:<\/strong> Black bear \u2014 <a href=\"https:\/\/www.youtube.com\/watch?v=jAkJzvUN_Gg\" target=\"_blank\" rel=\"noopener\">Listen<\/a><\/li> <li><strong>April:<\/strong> Common poor-will \u2014 <a href=\"https:\/\/www.youtube.com\/watch?v=PIDEuKQNJfQ\" target=\"_blank\" rel=\"noopener\">Listen<\/a><\/li> <li><strong>May:<\/strong> Raccoon chatter \u2014 <a href=\"https:\/\/www.youtube.com\/watch?v=Gryv_Z7MSl0\" target=\"_blank\" rel=\"noopener\">Listen<\/a><\/li> <li><strong>June:<\/strong> Red fox \u2014 <a href=\"https:\/\/www.youtube.com\/watch?v=iPFTEuT3d4I\" target=\"_blank\" rel=\"noopener\">Listen<\/a><\/li> <li><strong>July:<\/strong> Woodhouse toad \u2014 <a href=\"https:\/\/www.youtube.com\/watch?v=C1Ua4UFsmzE\" target=\"_blank\" rel=\"noopener\">Listen<\/a><\/li> <li><strong>August:<\/strong> Elk bugle \u2014 <a href=\"https:\/\/www.youtube.com\/watch?v=H3143cSmA7I\" target=\"_blank\" rel=\"noopener\">Listen<\/a><\/li> <li><strong>September:<\/strong> Coyote yip-howl \u2014 <a href=\"https:\/\/www.youtube.com\/watch?v=g9bl9hOO28Q\" target=\"_blank\" rel=\"noopener\">Listen<\/a><\/li> <li><strong>October:<\/strong> Rock pika \u2014 <a href=\"https:\/\/www.youtube.com\/watch?v=wVaR4-ML4VU\" target=\"_blank\" rel=\"noopener\">Listen<\/a><\/li> <li><strong>November:<\/strong> Sandhill cranes \u2014 <a href=\"https:\/\/www.youtube.com\/watch?v=lbn8yIq7_LM\" target=\"_blank\" rel=\"noopener\">Listen<\/a><\/li> <li><strong>December:<\/strong> Mexican gray wolf \u2014 <a href=\"https:\/\/www.youtube.com\/watch?v=fGuTL7evhLs\" target=\"_blank\" rel=\"noopener\">Listen<\/a><\/li> <\/ul> <h3>DATE ASSIGNMENTS<\/h3> <ul> <li><strong>1\/2:<\/strong> Javelina \u2014 <a href=\"https:\/\/www.youtube.com\/watch?v=H3re7yUcbMM\" target=\"_blank\" rel=\"noopener\">Listen<\/a><\/li> <li><strong>3\/4:<\/strong> Ringtail \u2014 <a href=\"https:\/\/www.youtube.com\/watch?v=fk_NkXwf9t8\" target=\"_blank\" rel=\"noopener\">Listen<\/a><\/li> <li><strong>5\/6:<\/strong> Bobcat \u2014 <a href=\"https:\/\/www.youtube.com\/watch?v=teGRXwHC5DQ\" target=\"_blank\" rel=\"noopener\">Listen<\/a><\/li> <li><strong>7\/8:<\/strong> Beaver \u2014 <a href=\"https:\/\/www.youtube.com\/watch?v=iOLkC45CoYs\" target=\"_blank\" rel=\"noopener\">Listen<\/a><\/li> <li><strong>9\/10:<\/strong> Spadefoot toad \u2014 <a href=\"https:\/\/www.youtube.com\/watch?v=b6OOE9aE4hw\" target=\"_blank\" rel=\"noopener\">Listen<\/a><\/li> <li><strong>11\/12:<\/strong> Mountain lion \u2014 <a href=\"https:\/\/www.youtube.com\/watch?v=4shrHLbkliY\" target=\"_blank\" rel=\"noopener\">Listen<\/a><\/li> <li><strong>13\/14:<\/strong> Female elk \u2014 <a href=\"https:\/\/www.youtube.com\/watch?v=-jae0-HNK5M\" target=\"_blank\" rel=\"noopener\">Listen<\/a><\/li> <li><strong>15\/16:<\/strong> American badger \u2014 <a href=\"https:\/\/www.youtube.com\/watch?v=K1jEh2bUWuM\" target=\"_blank\" rel=\"noopener\">Listen<\/a><\/li> <li><strong>17\/18:<\/strong> Northern mockingbird \u2014 <a href=\"https:\/\/www.youtube.com\/watch?v=X3oTaOMXCbk\" target=\"_blank\" rel=\"noopener\">Listen<\/a><\/li> <li><strong>19\/20:<\/strong> Pronghorn \u2014 <a href=\"https:\/\/www.youtube.com\/watch?v=G_VNtXKrtDQ\" target=\"_blank\" rel=\"noopener\">Listen<\/a><\/li> <li><strong>21\/22:<\/strong> Grey fox \u2014 <a href=\"https:\/\/www.youtube.com\/watch?v=h7F9tzLzRxE\" target=\"_blank\" rel=\"noopener\">Listen<\/a><\/li> <li><strong>23\/24:<\/strong> Porcupine \u2014 <a href=\"https:\/\/www.youtube.com\/watch?v=GpVY8elN79g\" target=\"_blank\" rel=\"noopener\">Listen<\/a><\/li> <li><strong>25\/26:<\/strong> Arizona tree frog \u2014 <a href=\"https:\/\/www.youtube.com\/watch?v=fiwtevWV2EM\" target=\"_blank\" rel=\"noopener\">Listen<\/a><\/li> <li><strong>27\/28:<\/strong> Elf owl \u2014 <a href=\"https:\/\/www.youtube.com\/watch?v=nla31cyFQkc\" target=\"_blank\" rel=\"noopener\">Listen<\/a><\/li> <li><strong>29\/30\/31:<\/strong> Striped skunk \u2014 <a href=\"https:\/\/www.youtube.com\/watch?v=GaBtHcAm2GA\" target=\"_blank\" rel=\"noopener\">Listen<\/a><\/li> <\/ul>\n\n<img src=\"https:\/\/yuleparty.com\/wp-content\/uploads\/2023\/12\/yule-4.jpeg\" title=\"yule 4\" alt=\"yule 4\" srcset=\"https:\/\/yuleparty.com\/wp-content\/uploads\/2023\/12\/yule-4.jpeg 1536w, https:\/\/yuleparty.com\/wp-content\/uploads\/2023\/12\/yule-4-225x300.jpeg 225w, https:\/\/yuleparty.com\/wp-content\/uploads\/2023\/12\/yule-4-768x1024.jpeg 768w, https:\/\/yuleparty.com\/wp-content\/uploads\/2023\/12\/yule-4-1152x1536.jpeg 1152w\" sizes=\"(max-width: 1536px) 100vw, 1536px\" \/>\n<img src=\"https:\/\/yuleparty.com\/wp-content\/uploads\/2023\/12\/yule13.jpeg\" title=\"yule13\" alt=\"yule13\" srcset=\"https:\/\/yuleparty.com\/wp-content\/uploads\/2023\/12\/yule13.jpeg 1536w, https:\/\/yuleparty.com\/wp-content\/uploads\/2023\/12\/yule13-225x300.jpeg 225w, https:\/\/yuleparty.com\/wp-content\/uploads\/2023\/12\/yule13-768x1024.jpeg 768w, https:\/\/yuleparty.com\/wp-content\/uploads\/2023\/12\/yule13-1152x1536.jpeg 1152w\" sizes=\"(max-width: 1536px) 100vw, 1536px\" \/>\n<img src=\"https:\/\/yuleparty.com\/wp-content\/uploads\/2023\/12\/yule-3.jpeg\" title=\"yule 3\" alt=\"yule 3\" srcset=\"https:\/\/yuleparty.com\/wp-content\/uploads\/2023\/12\/yule-3.jpeg 1536w, https:\/\/yuleparty.com\/wp-content\/uploads\/2023\/12\/yule-3-225x300.jpeg 225w, https:\/\/yuleparty.com\/wp-content\/uploads\/2023\/12\/yule-3-768x1024.jpeg 768w, https:\/\/yuleparty.com\/wp-content\/uploads\/2023\/12\/yule-3-1152x1536.jpeg 1152w\" sizes=\"(max-width: 1536px) 100vw, 1536px\" \/>\n<img src=\"https:\/\/yuleparty.com\/wp-content\/uploads\/2023\/12\/yule-1.jpeg\" title=\"yule 1\" alt=\"yule 1\" srcset=\"https:\/\/yuleparty.com\/wp-content\/uploads\/2023\/12\/yule-1.jpeg 1536w, https:\/\/yuleparty.com\/wp-content\/uploads\/2023\/12\/yule-1-225x300.jpeg 225w, https:\/\/yuleparty.com\/wp-content\/uploads\/2023\/12\/yule-1-768x1024.jpeg 768w, https:\/\/yuleparty.com\/wp-content\/uploads\/2023\/12\/yule-1-1152x1536.jpeg 1152w\" sizes=\"(max-width: 1536px) 100vw, 1536px\" \/>\n<img src=\"https:\/\/yuleparty.com\/wp-content\/uploads\/2023\/12\/yule-10.jpeg\" title=\"yule 10\" alt=\"yule 10\" srcset=\"https:\/\/yuleparty.com\/wp-content\/uploads\/2023\/12\/yule-10.jpeg 1536w, https:\/\/yuleparty.com\/wp-content\/uploads\/2023\/12\/yule-10-225x300.jpeg 225w, https:\/\/yuleparty.com\/wp-content\/uploads\/2023\/12\/yule-10-768x1024.jpeg 768w, https:\/\/yuleparty.com\/wp-content\/uploads\/2023\/12\/yule-10-1152x1536.jpeg 1152w\" sizes=\"(max-width: 1536px) 100vw, 1536px\" \/>\n<img src=\"https:\/\/yuleparty.com\/wp-content\/uploads\/2022\/12\/11-Enhanced-Medium.jpeg\" title=\"11-Enhanced Medium\" alt=\"11-Enhanced Medium\" srcset=\"https:\/\/yuleparty.com\/wp-content\/uploads\/2022\/12\/11-Enhanced-Medium.jpeg 480w, https:\/\/yuleparty.com\/wp-content\/uploads\/2022\/12\/11-Enhanced-Medium-225x300.jpeg 225w\" sizes=\"(max-width: 480px) 100vw, 480px\" \/>\n<img src=\"https:\/\/yuleparty.com\/wp-content\/uploads\/2022\/12\/319514595_1372730763133007_5305526358693343230_n-Enhanced-Medium.jpeg\" title=\"319514595_1372730763133007_5305526358693343230_n-Enhanced Medium\" alt=\"319514595_1372730763133007_5305526358693343230_n-Enhanced Medium\" srcset=\"https:\/\/yuleparty.com\/wp-content\/uploads\/2022\/12\/319514595_1372730763133007_5305526358693343230_n-Enhanced-Medium.jpeg 480w, https:\/\/yuleparty.com\/wp-content\/uploads\/2022\/12\/319514595_1372730763133007_5305526358693343230_n-Enhanced-Medium-225x300.jpeg 225w\" sizes=\"(max-width: 480px) 100vw, 480px\" \/>\n<img src=\"https:\/\/yuleparty.com\/wp-content\/uploads\/2022\/12\/319071003_670692991278007_2299860271422491994_n-Enhanced-Medium.jpeg\" title=\"319071003_670692991278007_2299860271422491994_n-Enhanced Medium\" alt=\"319071003_670692991278007_2299860271422491994_n-Enhanced Medium\" srcset=\"https:\/\/yuleparty.com\/wp-content\/uploads\/2022\/12\/319071003_670692991278007_2299860271422491994_n-Enhanced-Medium.jpeg 480w, https:\/\/yuleparty.com\/wp-content\/uploads\/2022\/12\/319071003_670692991278007_2299860271422491994_n-Enhanced-Medium-225x300.jpeg 225w\" sizes=\"(max-width: 480px) 100vw, 480px\" \/>\n<img src=\"https:\/\/yuleparty.com\/wp-content\/uploads\/2023\/12\/yule-8.jpeg\" title=\"yule 8\" alt=\"yule 8\" srcset=\"https:\/\/yuleparty.com\/wp-content\/uploads\/2023\/12\/yule-8.jpeg 1536w, https:\/\/yuleparty.com\/wp-content\/uploads\/2023\/12\/yule-8-225x300.jpeg 225w, https:\/\/yuleparty.com\/wp-content\/uploads\/2023\/12\/yule-8-768x1024.jpeg 768w, https:\/\/yuleparty.com\/wp-content\/uploads\/2023\/12\/yule-8-1152x1536.jpeg 1152w\" sizes=\"(max-width: 1536px) 100vw, 1536px\" \/>\n<img src=\"https:\/\/yuleparty.com\/wp-content\/uploads\/2023\/12\/yule2.jpeg\" title=\"yule2\" alt=\"yule2\" srcset=\"https:\/\/yuleparty.com\/wp-content\/uploads\/2023\/12\/yule2.jpeg 1536w, https:\/\/yuleparty.com\/wp-content\/uploads\/2023\/12\/yule2-225x300.jpeg 225w, https:\/\/yuleparty.com\/wp-content\/uploads\/2023\/12\/yule2-768x1024.jpeg 768w, https:\/\/yuleparty.com\/wp-content\/uploads\/2023\/12\/yule2-1152x1536.jpeg 1152w\" sizes=\"(max-width: 1536px) 100vw, 1536px\" \/>\n<img src=\"https:\/\/yuleparty.com\/wp-content\/uploads\/2023\/12\/yule-9.jpeg\" title=\"yule 9\" alt=\"yule 9\" srcset=\"https:\/\/yuleparty.com\/wp-content\/uploads\/2023\/12\/yule-9.jpeg 1536w, https:\/\/yuleparty.com\/wp-content\/uploads\/2023\/12\/yule-9-225x300.jpeg 225w, https:\/\/yuleparty.com\/wp-content\/uploads\/2023\/12\/yule-9-768x1024.jpeg 768w, https:\/\/yuleparty.com\/wp-content\/uploads\/2023\/12\/yule-9-1152x1536.jpeg 1152w\" sizes=\"(max-width: 1536px) 100vw, 1536px\" \/>\n<img src=\"https:\/\/yuleparty.com\/wp-content\/uploads\/2022\/12\/1-Enhanced-Medium.jpeg\" title=\"1-Enhanced Medium\" alt=\"1-Enhanced Medium\" srcset=\"https:\/\/yuleparty.com\/wp-content\/uploads\/2022\/12\/1-Enhanced-Medium.jpeg 512w, https:\/\/yuleparty.com\/wp-content\/uploads\/2022\/12\/1-Enhanced-Medium-240x300.jpeg 240w\" sizes=\"(max-width: 512px) 100vw, 512px\" \/>\n<img src=\"https:\/\/yuleparty.com\/wp-content\/uploads\/2022\/12\/12-Enhanced-Medium.jpeg\" title=\"12-Enhanced Medium\" alt=\"12-Enhanced Medium\" srcset=\"https:\/\/yuleparty.com\/wp-content\/uploads\/2022\/12\/12-Enhanced-Medium.jpeg 480w, https:\/\/yuleparty.com\/wp-content\/uploads\/2022\/12\/12-Enhanced-Medium-225x300.jpeg 225w\" sizes=\"(max-width: 480px) 100vw, 480px\" \/>\n<img src=\"https:\/\/yuleparty.com\/wp-content\/uploads\/2022\/12\/6-Enhanced-Medium.jpeg\" title=\"6-Enhanced Medium\" alt=\"6-Enhanced Medium\" srcset=\"https:\/\/yuleparty.com\/wp-content\/uploads\/2022\/12\/6-Enhanced-Medium.jpeg 480w, https:\/\/yuleparty.com\/wp-content\/uploads\/2022\/12\/6-Enhanced-Medium-225x300.jpeg 225w\" sizes=\"(max-width: 480px) 100vw, 480px\" \/>\n<img src=\"https:\/\/yuleparty.com\/wp-content\/uploads\/2022\/12\/319876263_832940864679792_6739227461022381219_n-Enhanced-Medium.jpeg\" title=\"319876263_832940864679792_6739227461022381219_n-Enhanced Medium\" alt=\"319876263_832940864679792_6739227461022381219_n-Enhanced Medium\" srcset=\"https:\/\/yuleparty.com\/wp-content\/uploads\/2022\/12\/319876263_832940864679792_6739227461022381219_n-Enhanced-Medium.jpeg 480w, https:\/\/yuleparty.com\/wp-content\/uploads\/2022\/12\/319876263_832940864679792_6739227461022381219_n-Enhanced-Medium-225x300.jpeg 225w\" sizes=\"(max-width: 480px) 100vw, 480px\" \/>\n<img src=\"https:\/\/yuleparty.com\/wp-content\/uploads\/2023\/12\/yule-11.jpeg\" title=\"yule 11\" alt=\"yule 11\" srcset=\"https:\/\/yuleparty.com\/wp-content\/uploads\/2023\/12\/yule-11.jpeg 1536w, https:\/\/yuleparty.com\/wp-content\/uploads\/2023\/12\/yule-11-225x300.jpeg 225w, https:\/\/yuleparty.com\/wp-content\/uploads\/2023\/12\/yule-11-768x1024.jpeg 768w, https:\/\/yuleparty.com\/wp-content\/uploads\/2023\/12\/yule-11-1152x1536.jpeg 1152w\" sizes=\"(max-width: 1536px) 100vw, 1536px\" \/>\n<img src=\"https:\/\/yuleparty.com\/wp-content\/uploads\/2022\/12\/320189811_883783795973226_7283069703275825126_n-Enhanced-Medium.jpeg\" title=\"320189811_883783795973226_7283069703275825126_n-Enhanced Medium\" alt=\"320189811_883783795973226_7283069703275825126_n-Enhanced Medium\" srcset=\"https:\/\/yuleparty.com\/wp-content\/uploads\/2022\/12\/320189811_883783795973226_7283069703275825126_n-Enhanced-Medium.jpeg 480w, https:\/\/yuleparty.com\/wp-content\/uploads\/2022\/12\/320189811_883783795973226_7283069703275825126_n-Enhanced-Medium-225x300.jpeg 225w\" sizes=\"(max-width: 480px) 100vw, 480px\" \/>\n<img src=\"https:\/\/yuleparty.com\/wp-content\/uploads\/2022\/12\/319917027_522284889829861_5474712882478618323_n-Enhanced-Medium.jpeg\" title=\"319917027_522284889829861_5474712882478618323_n-Enhanced Medium\" alt=\"319917027_522284889829861_5474712882478618323_n-Enhanced Medium\" srcset=\"https:\/\/yuleparty.com\/wp-content\/uploads\/2022\/12\/319917027_522284889829861_5474712882478618323_n-Enhanced-Medium.jpeg 640w, https:\/\/yuleparty.com\/wp-content\/uploads\/2022\/12\/319917027_522284889829861_5474712882478618323_n-Enhanced-Medium-300x225.jpeg 300w\" sizes=\"(max-width: 640px) 100vw, 640px\" \/>\n<img src=\"https:\/\/yuleparty.com\/wp-content\/uploads\/2022\/12\/320087819_687664996317522_9083998257506549541_n-Enhanced-Medium.jpeg\" title=\"320087819_687664996317522_9083998257506549541_n-Enhanced Medium\" alt=\"320087819_687664996317522_9083998257506549541_n-Enhanced Medium\" srcset=\"https:\/\/yuleparty.com\/wp-content\/uploads\/2022\/12\/320087819_687664996317522_9083998257506549541_n-Enhanced-Medium.jpeg 640w, https:\/\/yuleparty.com\/wp-content\/uploads\/2022\/12\/320087819_687664996317522_9083998257506549541_n-Enhanced-Medium-300x225.jpeg 300w\" sizes=\"(max-width: 640px) 100vw, 640px\" \/>\n<img src=\"https:\/\/yuleparty.com\/wp-content\/uploads\/2022\/12\/319713049_693593832437603_8919101787619922305_n-Enhanced-Medium-386x215.jpeg\" width=\"386\" height=\"215\" title=\"319713049_693593832437603_8919101787619922305_n-Enhanced Medium\" alt=\"319713049_693593832437603_8919101787619922305_n-Enhanced Medium\">\n<img src=\"https:\/\/yuleparty.com\/wp-content\/uploads\/2022\/12\/319498000_553239316721858_966287294891752792_n-Enhanced-Medium.jpeg\" title=\"319498000_553239316721858_966287294891752792_n-Enhanced Medium\" alt=\"319498000_553239316721858_966287294891752792_n-Enhanced Medium\" srcset=\"https:\/\/yuleparty.com\/wp-content\/uploads\/2022\/12\/319498000_553239316721858_966287294891752792_n-Enhanced-Medium.jpeg 480w, https:\/\/yuleparty.com\/wp-content\/uploads\/2022\/12\/319498000_553239316721858_966287294891752792_n-Enhanced-Medium-225x300.jpeg 225w\" sizes=\"(max-width: 480px) 100vw, 480px\" \/>\n<img src=\"https:\/\/yuleparty.com\/wp-content\/uploads\/2022\/12\/320037018_2390978871054001_5264348530878256280_n-Enhanced-Medium.jpeg\" title=\"320037018_2390978871054001_5264348530878256280_n-Enhanced Medium\" alt=\"320037018_2390978871054001_5264348530878256280_n-Enhanced Medium\" srcset=\"https:\/\/yuleparty.com\/wp-content\/uploads\/2022\/12\/320037018_2390978871054001_5264348530878256280_n-Enhanced-Medium.jpeg 640w, https:\/\/yuleparty.com\/wp-content\/uploads\/2022\/12\/320037018_2390978871054001_5264348530878256280_n-Enhanced-Medium-300x225.jpeg 300w\" sizes=\"(max-width: 640px) 100vw, 640px\" \/>\n<img src=\"https:\/\/yuleparty.com\/wp-content\/uploads\/2022\/12\/8-Enhanced-Medium.jpeg\" title=\"8-Enhanced Medium\" alt=\"8-Enhanced Medium\" srcset=\"https:\/\/yuleparty.com\/wp-content\/uploads\/2022\/12\/8-Enhanced-Medium.jpeg 480w, https:\/\/yuleparty.com\/wp-content\/uploads\/2022\/12\/8-Enhanced-Medium-225x300.jpeg 225w\" sizes=\"(max-width: 480px) 100vw, 480px\" \/>\n<img src=\"https:\/\/yuleparty.com\/wp-content\/uploads\/2022\/12\/5-Enhanced-Medium.jpeg\" title=\"5-Enhanced Medium\" alt=\"5-Enhanced Medium\" srcset=\"https:\/\/yuleparty.com\/wp-content\/uploads\/2022\/12\/5-Enhanced-Medium.jpeg 480w, https:\/\/yuleparty.com\/wp-content\/uploads\/2022\/12\/5-Enhanced-Medium-225x300.jpeg 225w\" sizes=\"(max-width: 480px) 100vw, 480px\" \/>\n<img src=\"https:\/\/yuleparty.com\/wp-content\/uploads\/2022\/12\/14-Enhanced-Medium.jpeg\" title=\"14-Enhanced Medium\" alt=\"14-Enhanced Medium\" srcset=\"https:\/\/yuleparty.com\/wp-content\/uploads\/2022\/12\/14-Enhanced-Medium.jpeg 640w, https:\/\/yuleparty.com\/wp-content\/uploads\/2022\/12\/14-Enhanced-Medium-300x224.jpeg 300w\" sizes=\"(max-width: 640px) 100vw, 640px\" \/>\n<img src=\"https:\/\/yuleparty.com\/wp-content\/uploads\/2022\/12\/13-Enhanced-Medium.jpeg\" title=\"13-Enhanced Medium\" alt=\"13-Enhanced Medium\" srcset=\"https:\/\/yuleparty.com\/wp-content\/uploads\/2022\/12\/13-Enhanced-Medium.jpeg 480w, https:\/\/yuleparty.com\/wp-content\/uploads\/2022\/12\/13-Enhanced-Medium-225x300.jpeg 225w\" sizes=\"(max-width: 480px) 100vw, 480px\" \/>\n<img src=\"https:\/\/yuleparty.com\/wp-content\/uploads\/2022\/12\/319507947_711012503578037_8433353212098483188_n-Enhanced-Medium.jpeg\" title=\"319507947_711012503578037_8433353212098483188_n-Enhanced Medium\" alt=\"319507947_711012503578037_8433353212098483188_n-Enhanced Medium\" srcset=\"https:\/\/yuleparty.com\/wp-content\/uploads\/2022\/12\/319507947_711012503578037_8433353212098483188_n-Enhanced-Medium.jpeg 640w, https:\/\/yuleparty.com\/wp-content\/uploads\/2022\/12\/319507947_711012503578037_8433353212098483188_n-Enhanced-Medium-300x200.jpeg 300w\" sizes=\"(max-width: 640px) 100vw, 640px\" \/>\n<img src=\"https:\/\/yuleparty.com\/wp-content\/uploads\/2022\/12\/2-Enhanced-Medium.jpeg\" title=\"2-Enhanced Medium\" alt=\"2-Enhanced Medium\" srcset=\"https:\/\/yuleparty.com\/wp-content\/uploads\/2022\/12\/2-Enhanced-Medium.jpeg 512w, https:\/\/yuleparty.com\/wp-content\/uploads\/2022\/12\/2-Enhanced-Medium-240x300.jpeg 240w\" sizes=\"(max-width: 512px) 100vw, 512px\" \/>\n<a href=\"https:\/\/www.facebook.com\/events\/1537574677568075\/?acontext=%7B%22source%22%3A%2229%22%2C%22ref_notif_type%22%3A%22plan_user_joined%22%2C%22action_history%22%3A%22null%22%7D&#038;notif_id=1763325405788838&#038;notif_t=plan_user_joined&#038;ref=notif\" rel=\"noopener\" target=\"_blank\"> <em style=\"background-color:rgba(112,112,112, 0.35);color:#ffffff\" ><svg xmlns:xlink=\"http:\/\/www.w3.org\/1999\/xlink\" aria-hidden=\"true\"><use href=\"#tf-fab-facebook\" xlink:href=\"#tf-fab-facebook\"><\/use><\/svg><\/em> <\/a>","_links":{"self":[{"href":"https:\/\/yuleparty.com\/index.php?rest_route=\/wp\/v2\/pages\/463","targetHints":{"allow":["GET"]}}],"collection":[{"href":"https:\/\/yuleparty.com\/index.php?rest_route=\/wp\/v2\/pages"}],"about":[{"href":"https:\/\/yuleparty.com\/index.php?rest_route=\/wp\/v2\/types\/page"}],"author":[{"embeddable":true,"href":"https:\/\/yuleparty.com\/index.php?rest_route=\/wp\/v2\/users\/2"}],"replies":[{"embeddable":true,"href":"https:\/\/yuleparty.com\/index.php?rest_route=%2Fwp%2Fv2%2Fcomments&post=463"}],"version-history":[{"count":20,"href":"https:\/\/yuleparty.com\/index.php?rest_route=\/wp\/v2\/pages\/463\/revisions"}],"predecessor-version":[{"id":495,"href":"https:\/\/yuleparty.com\/index.php?rest_route=\/wp\/v2\/pages\/463\/revisions\/495"}],"wp:attachment":[{"href":"https:\/\/yuleparty.com\/index.php?rest_route=%2Fwp%2Fv2%2Fmedia&parent=463"}],"curies":[{"name":"wp","href":"https:\/\/api.w.org\/{rel}","templated":true}]}}